is the highest common factor of 5568 and 18850?
58
Calculate the greatest common divisor of 2988 and 49428.
36
Calculate the highest common factor of 29999 and 8473.
229
What is the greatest common divisor of 4 and 2012?
4
Calculate the greatest common factor of 59 and 672187.
59
Calculate the highest common divisor of 277699 and 137.
137
Calculate the greatest common factor of 4059 and 54161.
41
What is the greatest common divisor of 91 and 832?
13
What is the highest common factor of 750 and 2370?
30
Calculate the greatest common factor of 314588 and 344.
172
Calculate the highest common divisor of 865104 and 3752.
536
What is the greatest common divisor of 532 and 6160?
28
What is the highest common divisor of 55923 and 132?
3
Calculate the greatest common divisor of 154 and 62601.
77
What is the greatest common factor of 12617 and 6138?
341
Calculate the greatest common factor of 8 and 7744808.
8
What is the greatest common factor of 612 and 687276?
612
Calculate the greatest common factor of 180 and 41220.
180
Calculate the highest common factor of 602 and 2683114.
602
Calculate the greatest common factor of 1374348 and 510.
102
Calculate the greatest common factor of 14613 and 3.
3
Calculate the greatest common factor of 2825418 and 6.
6
What is the greatest common factor of 247 and 1378?
13
Calculate the greatest common factor of 231 and 251097.
231
What is the highest common divisor of 1649524 and 2416?
604
What is the highest common divisor of 90 and 102990?
30
What is the greatest common factor of 75499 and 2932?
733
Calculate the highest common factor of 162528 and 768.
96
What is the greatest common factor of 73 and 80081?
73
What is the highest common factor of 151515 and 40?
5
Calculate the highest common factor of 26919 and 548350.
997
What is the highest common divisor of 2585 and 187154?
517
What is the greatest common factor of 24 and 1624404?
12
Calculate the greatest common divisor of 133 and 169366.
19
Calculate the greatest common divisor of 51 and 251481.
51
Calculate the highest common factor of 5040 and 331520.
560
Calculate the greatest common factor of 13 and 23327.
1
What is the greatest common divisor of 146 and 23798?
146
What is the highest common divisor of 618 and 20838?
6
What is the highest common factor of 15584 and 24?
8
What is the highest common factor of 7659 and 97569?
333
What is the greatest common factor of 1072 and 3149?
67
What is the highest common factor of 124838 and 296?
74
Calculate the highest common divisor of 208376 and 1281.
427
What is the greatest common factor of 21 and 76377?
21
What is the highest common divisor of 2976 and 6528?
96
Calculate the highest common divisor of 130 and 1437750.
10
Calculate the greatest common divisor of 54594 and 7414.
674
Calculate the greatest common factor of 17226 and 1078.
22
Calculate the greatest common divisor of 18440 and 1576.
8
Calculate the greatest common factor of 2783 and 51474.
23
Calculate the greatest common factor of 78 and 5757.
3
Calculate the highest common divisor of 158165 and 560.
35
What is the highest common factor of 9160 and 493495?
1145
Calculate the greatest common divisor of 168265 and 1460.
365
What is the greatest common factor of 57 and 27759?
57
Calculate the highest common factor of 10908 and 26260.
404
Calculate the greatest common divisor of 2332 and 433169.
583
What is the highest common divisor of 253759 and 374?
187
Calculate the greatest common divisor of 12 and 143709.
3
What is the highest common factor of 2832 and 624?
48
Calculate the greatest common factor of 48 and 61392.
48
What is the greatest common divisor of 10125 and 105375?
375
Calculate the highest common divisor of 9076 and 24.
4
What is the highest common divisor of 1717189 and 317?
317
Calculate the greatest common factor of 8091 and 162.
9
What is the greatest common divisor of 93 and 10478?
31
What is the highest common divisor of 25 and 276660?
5
Calculate the highest common divisor of 905283 and 27.
27
Calculate the highest common factor of 80649 and 206.
103
What is the highest common divisor of 13 and 45227?
13
Calculate the highest common divisor of 3535 and 515.
5
What is the highest common factor of 1040 and 13845?
65
Calculate the highest common divisor of 122 and 345504.
122
Calculate the highest common divisor of 198 and 27621.
99
What is the highest common divisor of 810 and 1100655?
135
Calculate the greatest common factor of 301208 and 40.
8
Calculate the greatest common divisor of 150 and 261900.
150
Calculate the greatest common divisor of 121 and 12793.
11
What is the greatest common divisor of 266305 and 85?
85
Calculate the highest common factor of 11659 and 2489.
131
Calculate the highest common factor of 10 and 7265360.
10
What is the highest common factor of 37344 and 120?
24
Calculate the greatest common divisor of 424 and 18974.
106
What is the highest common divisor of 23722 and 1450?
58
What is the greatest common divisor of 16 and 2491168?
16
Calculate the highest common divisor of 4287118 and 22.
22
Calculate the highest common divisor of 10161 and 9.
9
Calculate the highest common divisor of 26012 and 980.
28
What is the highest common factor of 3322 and 2114?
302
Calculate the greatest common divisor of 5 and 1517075.
5
Calculate the highest common divisor of 3729 and 57.
3
Calculate the greatest common factor of 705 and 8695.
235
What is the greatest common factor of 188034 and 83916?
1554
Calculate the highest common factor of 277963 and 21.
7
Calculate the highest common divisor of 3664 and 123202.
458
What is the highest common divisor of 8412 and 384?
12
What is the greatest common divisor of 15 and 56040?
15
Calculate the greatest common divisor of 196 and 433111.
49
Calculate the highest common factor of 84 and 348572.
28
Calculate the greatest common divisor of 1 and 688979.
1
What is the greatest common factor of 490893 and 614?
307
Calculate the highest common divisor of 2147 and 1900.
19
What is the highest common factor of 1787 and 5?
1
What is the highest common factor of 18944 and 925?
37
What is the greatest common factor of 1184 and 4958?
74
What is the highest common divisor of 59641 and 129?
43
Calculate the highest common divisor of 72455 and 13330.
215
What is the highest common factor of 101 and 8787?
101
Calculate the highest common divisor of 94675 and 75.
25
Calculate the highest common factor of 28736 and 192.
64
What is the highest common divisor of 12 and 9092?
4
What is the greatest common divisor of 634626 and 12?
6
What is the greatest common factor of 2411602 and 10210?
2042
Calculate the greatest common divisor of 1700165 and 3370.
1685
Calculate the greatest common factor of 82134 and 11664.
486
What is the greatest common factor of 36 and 26932?
4
Calculate the greatest common divisor of 4912 and 496726.
614
Calculate the greatest common factor of 207459 and 333.
333
What is the greatest common factor of 60300 and 9450?
450
Calculate the highest common factor of 256326 and 1785.
357
What is the greatest common divisor of 2745 and 549?
549
What is the greatest common factor of 174 and 1197642?
174
Calculate the greatest common factor of 780 and 2314.
26
What is the highest common factor of 1025 and 1375?
25
What is the greatest common factor of 6087 and 6?
3
Calculate the greatest common factor of 87102 and 216.
54
What is the highest common factor of 70740 and 684?
36
What is the highest common divisor of 384 and 129408?
384
What is the greatest common factor of 194745 and 15?
15
Calculate the greatest common divisor of 684 and 127404.
36
Calculate the highest common factor of 1019 and 4.
1
Calculate the highest common factor of 14 and 25778.
2
What is the highest common factor of 40808 and 18?
2
What is the greatest common divisor of 1140 and 6441?
57
What is the highest common divisor of 982 and 62357?
491
What is the highest common factor of 120 and 885240?
120
Calculate the greatest common divisor of 217 and 2976.
31
Calculate the greatest common factor of 196 and 6852748.
196
Calculate the greatest common divisor of 9422 and 6.
2
Calculate the highest common factor of 27406 and 5112.
142
Calculate the highest common factor of 18432 and 15472.
16
Calculate the highest common